{"id":1746,"date":"2021-11-08T10:31:27","date_gmt":"2021-11-08T09:31:27","guid":{"rendered":"https:\/\/berlinerverlagspreis.de\/?page_id=1746"},"modified":"2021-11-08T10:31:28","modified_gmt":"2021-11-08T09:31:28","slug":"laudatio-verlag-das-kulturelle-gedaechtnis","status":"publish","type":"page","link":"https:\/\/berlinerverlagspreis.de\/?page_id=1746","title":{"rendered":"Laudatio Verlag Das Kulturelle Ged\u00e4chtnis"},"content":{"rendered":"\n<div class=\"wp-block-columns is-layout-flex wp-container-core-columns-is-layout-28f84493 wp-block-columns-is-layout-flex\">\n<div class=\"wp-block-column is-layout-flow wp-block-column-is-layout-flow\" style=\"flex-basis:2%\"><\/div>\n\n\n\n<div class=\"wp-block-column is-layout-flow wp-block-column-is-layout-flow\" style=\"flex-basis:96%\">\n<h2 class=\"wp-block-heading\">Laudatio auf den Verlag Das Kulturelle Ged\u00e4chtnis<\/h2>\n\n\n\n<p><em>von Britta J\u00fcrgs, Mitglied der Jury des Berliner Verlagspreises 2021<\/em><\/p>\n\n\n\n<p>\u00bbMit List, nicht mit Kraft\u00ab hei\u00dft der Leitgedanke des Verlags Das Kulturelle Ged\u00e4chtnis, der nicht nur auf der Verlags-Website, sondern \u2013 auf Lateinisch \u2013 in allen B\u00fcchern zu finden ist: Die Worte \u00bbAstu non vi\u00ab schweben \u00fcber einem kleinen Frosch, der einen gro\u00dfen Hecht reitet, umkreist vom Schriftzug des f\u00fcr sich sprechenden Verlagsnamens. Der Frosch im Verlagssignet \u00fcberlistet den Hecht, ihn \u00fcber den See zu bringen, statt von ihm gefressen zu werden. Der Verlag Das Kulturelle Ged\u00e4chtnis ist wahrlich solch ein kluger Frosch, der die gro\u00dfen Hechte im B\u00fcchermeer an List, Ausgrabungsgeschick und Liebe zur Buchkunst bei weitem \u00fcberragt.<\/p>\n\n\n\n<p>Die wiederentdeckten Werke aus der Vergangenheit, ob fiktional oder nicht, sollen die Gegenwart beleuchten \u2013 und das gelingt immer wieder auf erstaunliche Art und Weise.<\/p>\n\n\n\n<p>Im ersten Programm des Verlags im Fr\u00fchjahr 2017 erschien beispielsweise \u00bbReise in ein neues Leben\u00ab von Gottlieb Mittelberger, der Reisebericht eines deutschen Fl\u00fcchtlings, der sich 1854 aus Schwaben nach Amerika begab, sowie ein fr\u00fcher Text \u00fcber die \u00bbL\u00fcgenpresse\u00ab, Richard Adams Lockes f\u00fcr die New York Sun verfasste Artikelserie \u00fcber \u00bbSir John Herschel\u2019s h\u00f6chst merkw\u00fcrdige astronomische Entdeckungen, den Mond und seine Bewohner betreffend\u00ab von 1835.<\/p>\n\n\n\n<p>Auch ein Blick auf die Teller kann uns die Geschichte n\u00e4herbringen, wie dies in den Speisekarten geschieht, die Tobias Roth und Moritz Rauchhaus in \u00bbWohl bekam\u2019s! In hundert Men\u00fcs durch die Weltgeschichte\u00ab zusammengestellt und kommentiert haben.<\/p>\n\n\n\n<p>Es ist eins dieser B\u00fccher zum Flanieren, zum Bl\u00e4ttern und Eintauchen, zum Festlesen und Weiterschauen \u2013 wie beispielsweise auch der Band \u00bbDa war ich eigentlich noch nie\u00ab. Darin k\u00f6nnen wir eine \u00bbGep\u00e4ckliste f\u00fcr Fu\u00dfreisende\u00ab finden, Georg Christoph Lichtenbergs Pl\u00e4doyer f\u00fcr ein gro\u00dfes \u00f6ffentliches Seebad, Hinweise f\u00fcr einen Familienausflug um 1900, Johanna Schopenhauers Bemerkungen \u00fcber \u00bbReisende Engl\u00e4nder im Rheinland\u00ab, aber auch Texte aus einem Urlaubsfotoratgeber der DDR, eine Liste der Orte, die durch den Verkehrsfunk bekannt sind oder die beliebtesten Kleinst\u00e4dte Deutschlands im Instagram- Ranking. Eine wahre \u00bbWunderkammer des Reisens in Deutschland\u00ab, gesammelt und aufs Feinste zusammengestellt von Herausgeber Thomas B\u00f6hm.<\/p>\n\n\n\n<p>Und auch sonst ist das Verlagsprogramm eine Wunderkammer, in der sich \u00bbeine ungemein eigensinnige Auswahl an Wortsch\u00f6nheiten aus dem Grimmschen W\u00f6rterbuch\u00ab neben den literarischen Skizzen der kanadischen Autorin Emily Carr finden, Flug- und Denkschriften neben Wiederentdeckungen wie \u00bbTramhalte Beethovenstraat\u00ab von Grete Weil oder Susanne Kerckhoffs \u201eBerliner Briefen\u201c.<\/p>\n\n\n\n<p>2016 wurde der Verlag Das Kulturelle Ged\u00e4chtnis als Gemeinschaftsprojekt von Thomas B\u00f6hm, Peter Graf, Carsten Pfeiffer und Tobias Roth gegr\u00fcndet, die sich als Kuratoren bezeichnen und nicht als Verleger und die um sich ein Netzwerk an stillen Teilhaberinnen und Teilhabern, Unterst\u00fctzerinnen und Unterst\u00fctzern geschart haben.<\/p>\n\n\n\n<p>Nicht nur die Auswahl ihrer Titel ist eine ganz besondere, auch die Gestaltung, die schon gleich zu Beginn mehrfach von der Stiftung Buchkunst ausgezeichnet wurde. Die B\u00fccher haben allesamt einen Kopffarbschnitt, dazu passendes farbiges Vorsatzpapier, Pr\u00e4gung und meist auch Leseb\u00e4ndchen.<\/p>\n\n\n\n<p>Die Verlagsr\u00e4ume sind seit neuestem an einigen Tagen der Woche zugleich auch eine Art Showroom mit B\u00fcchern unabh\u00e4ngiger Verlage \u2013 eine Buchhandlung, in der nur das gekauft werden kann, was ausgestellt ist, ein Ort der Kommunikation, in dem, sobald das wieder m\u00f6glich ist, auch Veranstaltungen stattfinden sollen. Hinter \u00bbViel Gluck mit die B\u00fccher\u00ab verbirgt sich nicht nur eine sch\u00f6ne Geschichte, die einiges von dem Witz offenbart, der auch das Programm des Verlages kennzeichnet, sondern auch eine verlegerische Wunderkammer.<\/p>\n\n\n\n<p>Wir zeichnen den Verlag Das kulturelle Ged\u00e4chtnis f\u00fcr seine die Gegenwart bereichernden Texte aus der Vergangenheit, die sch\u00f6n gestalteten bibliophilen Ausgaben und seine wunderbaren Ausgrabungen mit dem Berliner Verlagspreis 2021 aus und freuen uns auf weitere Entdeckungen aus der Wunderkammer des unabh\u00e4ngigen Verlegens!<\/p>\n\n\n\n<p>Herzlichen Gl\u00fcckwunsch!<\/p>\n<\/div>\n\n\n\n<div class=\"wp-block-column is-layout-flow wp-block-column-is-layout-flow\" style=\"flex-basis:2%\"><\/div>\n<\/div>\n","protected":false},"excerpt":{"rendered":"<p>Laudatio auf den Verlag Das Kulturelle Ged\u00e4chtnis von Britta J\u00fcrgs, Mitglied der Jury des Berliner Verlagspreises 2021 \u00bbMit List, nicht mit Kraft\u00ab hei\u00dft der Leitgedanke des Verlags Das Kulturelle Ged\u00e4chtnis, der nicht nur auf der Verlags-Website, sondern \u2013 auf Lateinisch \u2013 in allen B\u00fcchern zu finden ist: Die Worte \u00bbAstu non vi\u00ab schweben \u00fcber einem [&hellip;]<\/p>\n","protected":false},"author":1,"featured_media":0,"parent":0,"menu_order":0,"comment_status":"closed","ping_status":"closed","template":"","meta":{"_monsterinsights_skip_tracking":false,"_monsterinsights_sitenote_active":false,"_monsterinsights_sitenote_note":"","_monsterinsights_sitenote_category":0,"footnotes":""},"class_list":["post-1746","page","type-page","status-publish","hentry"],"blocksy_meta":{"styles_descriptor":{"styles":{"desktop":"","tablet":"","mobile":""},"google_fonts":[]}},"aioseo_notices":[],"_links":{"self":[{"href":"https:\/\/berlinerverlagspreis.de\/index.php?rest_route=\/wp\/v2\/pages\/1746","targetHints":{"allow":["GET"]}}],"collection":[{"href":"https:\/\/berlinerverlagspreis.de\/index.php?rest_route=\/wp\/v2\/pages"}],"about":[{"href":"https:\/\/berlinerverlagspreis.de\/index.php?rest_route=\/wp\/v2\/types\/page"}],"author":[{"embeddable":true,"href":"https:\/\/berlinerverlagspreis.de\/index.php?rest_route=\/wp\/v2\/users\/1"}],"replies":[{"embeddable":true,"href":"https:\/\/berlinerverlagspreis.de\/index.php?rest_route=%2Fwp%2Fv2%2Fcomments&post=1746"}],"version-history":[{"count":1,"href":"https:\/\/berlinerverlagspreis.de\/index.php?rest_route=\/wp\/v2\/pages\/1746\/revisions"}],"predecessor-version":[{"id":1748,"href":"https:\/\/berlinerverlagspreis.de\/index.php?rest_route=\/wp\/v2\/pages\/1746\/revisions\/1748"}],"wp:attachment":[{"href":"https:\/\/berlinerverlagspreis.de\/index.php?rest_route=%2Fwp%2Fv2%2Fmedia&parent=1746"}],"curies":[{"name":"wp","href":"https:\/\/api.w.org\/{rel}","templated":true}]}}

Laudatio Verlag Das Kulturelle Gedächtnis

<div class="wp-block-columns is-layout-flex wp-container-core-columns-is-layout-28f84493 wp-block-columns-is-layout-flex">
<div class="wp-block-column is-layout-flow wp-block-column-is-layout-flow" style="flex-basis:2%"></div>



<div class="wp-block-column is-layout-flow wp-block-column-is-layout-flow" style="flex-basis:96%">
<h2 class="wp-block-heading">Laudatio auf den Verlag Das Kulturelle Gedächtnis</h2>



<p><em>von Britta Jürgs, Mitglied der Jury des Berliner Verlagspreises 2021</em></p>



<p>»Mit List, nicht mit Kraft« heißt der Leitgedanke des Verlags Das Kulturelle Gedächtnis, der nicht nur auf der Verlags-Website, sondern – auf Lateinisch – in allen Büchern zu finden ist: Die Worte »Astu non vi« schweben über einem kleinen Frosch, der einen großen Hecht reitet, umkreist vom Schriftzug des für sich sprechenden Verlagsnamens. Der Frosch im Verlagssignet überlistet den Hecht, ihn über den See zu bringen, statt von ihm gefressen zu werden. Der Verlag Das Kulturelle Gedächtnis ist wahrlich solch ein kluger Frosch, der die großen Hechte im Büchermeer an List, Ausgrabungsgeschick und Liebe zur Buchkunst bei weitem überragt.</p>



<p>Die wiederentdeckten Werke aus der Vergangenheit, ob fiktional oder nicht, sollen die Gegenwart beleuchten – und das gelingt immer wieder auf erstaunliche Art und Weise.</p>



<p>Im ersten Programm des Verlags im Frühjahr 2017 erschien beispielsweise »Reise in ein neues Leben« von Gottlieb Mittelberger, der Reisebericht eines deutschen Flüchtlings, der sich 1854 aus Schwaben nach Amerika begab, sowie ein früher Text über die »Lügenpresse«, Richard Adams Lockes für die New York Sun verfasste Artikelserie über »Sir John Herschel’s höchst merkwürdige astronomische Entdeckungen, den Mond und seine Bewohner betreffend« von 1835.</p>



<p>Auch ein Blick auf die Teller kann uns die Geschichte näherbringen, wie dies in den Speisekarten geschieht, die Tobias Roth und Moritz Rauchhaus in »Wohl bekam’s! In hundert Menüs durch die Weltgeschichte« zusammengestellt und kommentiert haben.</p>



<p>Es ist eins dieser Bücher zum Flanieren, zum Blättern und Eintauchen, zum Festlesen und Weiterschauen – wie beispielsweise auch der Band »Da war ich eigentlich noch nie«. Darin können wir eine »Gepäckliste für Fußreisende« finden, Georg Christoph Lichtenbergs Plädoyer für ein großes öffentliches Seebad, Hinweise für einen Familienausflug um 1900, Johanna Schopenhauers Bemerkungen über »Reisende Engländer im Rheinland«, aber auch Texte aus einem Urlaubsfotoratgeber der DDR, eine Liste der Orte, die durch den Verkehrsfunk bekannt sind oder die beliebtesten Kleinstädte Deutschlands im Instagram- Ranking. Eine wahre »Wunderkammer des Reisens in Deutschland«, gesammelt und aufs Feinste zusammengestellt von Herausgeber Thomas Böhm.</p>



<p>Und auch sonst ist das Verlagsprogramm eine Wunderkammer, in der sich »eine ungemein eigensinnige Auswahl an Wortschönheiten aus dem Grimmschen Wörterbuch« neben den literarischen Skizzen der kanadischen Autorin Emily Carr finden, Flug- und Denkschriften neben Wiederentdeckungen wie »Tramhalte Beethovenstraat« von Grete Weil oder Susanne Kerckhoffs „Berliner Briefen“.</p>



<p>2016 wurde der Verlag Das Kulturelle Gedächtnis als Gemeinschaftsprojekt von Thomas Böhm, Peter Graf, Carsten Pfeiffer und Tobias Roth gegründet, die sich als Kuratoren bezeichnen und nicht als Verleger und die um sich ein Netzwerk an stillen Teilhaberinnen und Teilhabern, Unterstützerinnen und Unterstützern geschart haben.</p>



<p>Nicht nur die Auswahl ihrer Titel ist eine ganz besondere, auch die Gestaltung, die schon gleich zu Beginn mehrfach von der Stiftung Buchkunst ausgezeichnet wurde. Die Bücher haben allesamt einen Kopffarbschnitt, dazu passendes farbiges Vorsatzpapier, Prägung und meist auch Lesebändchen.</p>



<p>Die Verlagsräume sind seit neuestem an einigen Tagen der Woche zugleich auch eine Art Showroom mit Büchern unabhängiger Verlage – eine Buchhandlung, in der nur das gekauft werden kann, was ausgestellt ist, ein Ort der Kommunikation, in dem, sobald das wieder möglich ist, auch Veranstaltungen stattfinden sollen. Hinter »Viel Gluck mit die Bücher« verbirgt sich nicht nur eine schöne Geschichte, die einiges von dem Witz offenbart, der auch das Programm des Verlages kennzeichnet, sondern auch eine verlegerische Wunderkammer.</p>



<p>Wir zeichnen den Verlag Das kulturelle Gedächtnis für seine die Gegenwart bereichernden Texte aus der Vergangenheit, die schön gestalteten bibliophilen Ausgaben und seine wunderbaren Ausgrabungen mit dem Berliner Verlagspreis 2021 aus und freuen uns auf weitere Entdeckungen aus der Wunderkammer des unabhängigen Verlegens!</p>



<p>Herzlichen Glückwunsch!</p>
</div>



<div class="wp-block-column is-layout-flow wp-block-column-is-layout-flow" style="flex-basis:2%"></div>
</div>

<p>Laudatio auf den Verlag Das Kulturelle Gedächtnis von Britta Jürgs, Mitglied der Jury des Berliner Verlagspreises 2021 »Mit List, nicht mit Kraft« heißt der Leitgedanke des Verlags Das Kulturelle Gedächtnis, der nicht nur auf der Verlags-Website, sondern – auf Lateinisch – in allen Büchern zu finden ist: Die Worte »Astu non vi« schweben über einem [&hellip;]</p>
