{"id":2511,"date":"2025-11-10T10:02:23","date_gmt":"2025-11-10T09:02:23","guid":{"rendered":"https:\/\/berlinerverlagspreis.de\/?page_id=2511"},"modified":"2025-11-10T10:02:37","modified_gmt":"2025-11-10T09:02:37","slug":"laudatio-maerz-verlag-2","status":"publish","type":"page","link":"https:\/\/berlinerverlagspreis.de\/?page_id=2511","title":{"rendered":"Laudatio BeBra Verlag"},"content":{"rendered":"\n<p><a href=\"http:\/\/www.berlinerverlagspreis.de#die-preistraeger\">\u2190 zur\u00fcck zur Startseite<\/a><\/p>\n\n\n\n<h2 class=\"wp-block-heading\">Laudatio auf den BeBra Verlag<\/h2>\n\n\n\n<p style=\"font-style:normal;font-weight:400\"><em>Von Shelly Kupferberg, Mitglied der Jury des Berliner Verlagspreises 2025<\/em><\/p>\n\n\n\n<p>Nach dem Jubil\u00e4um (im vergangenen Jahr) ist vor dem Berliner Verlagspreis! Wir freuen uns, dem BeBra Verlag nicht nur zum 30j\u00e4hrigen Geburtstag nachtr\u00e4glich zu gratulieren, sondern ihm hier und heute auch den wohlverdienten Berliner Verlagspreis 2025 verleihen zu d\u00fcrfen!<br>&nbsp;<br>Gegr\u00fcndet wurde der BeBra Verlag 1994 von Ulrich Hopp. Wie der Verlagsname unschwer erkennen l\u00e4sst (BeBra = Berlin Brandenburg) liegt der publizistische Schwerpunkt auf B\u00fcchern zu Geschichte und Zeitgeschichte der Region Berlin Brandenburg. 2001 gr\u00fcndete BeBra den Verlag berlin.krimi.verlag, 2003 folgte die Gr\u00fcndung des BeBra-Wissenschaftsverlags, ein Jahr sp\u00e4ter wurde das Portfolio durch den Erwerb der Edition Q, der Berlin Edition und der Japan Edition vergr\u00f6\u00dfert. 2021 dann wurde der BeBra Verlag von Dirk Palm \u00fcbernommen, der BeBra und seinen Elsengold Verlag zusammenf\u00fchrte. Seit 2023 besteht der Verlag in seiner jetzigen Form, mit BeBra Verlag als Hauptverlag und BeBra Wissenschaftsverlag und Elsengold als angegliederte Imprints.<br>&nbsp;<br>Der \u00bbHauptstadt-Verlag\u00ab, wie sich BeBra vollkommen zu Recht selbst nennt, ist f\u00fcr den Berliner Verlagspreis nat\u00fcrlich kein unbekannter Name \u2013 2021 schon stand er auf der Shortlist, und jetzt, vier Jahre sp\u00e4ter, folgt endlich und tats\u00e4chlich die Auszeichnung mit dem Berliner Verlagspreis 2025. Auch den Deutschen Verlagspreis hat BeBra schon gewonnen, aber das ist nat\u00fcrlich nichts gegen den Berliner Verlagspreis!<br>&nbsp;<br>Die Jury war sich schnell einig, dass BeBra mit einem Preis ausgezeichnet werden muss, denn was dieser Verlag mit seinen Imprints verlegerisch f\u00fcr die Hauptstadtregion bietet, sucht seinesgleichen!<\/p>\n\n\n\n<p>Von Bildb\u00e4nden und Kalendern bis zu Krimis und erz\u00e4hlenden Sachb\u00fcchern, von Kochb\u00fcchern und Reisef\u00fchrern bis hin zu wissenschaftlichen Titeln wird Berlin Programm f\u00fcr Programm und Jahr f\u00fcr Jahr von BeBra mit einer unglaublichen F\u00fclle an B\u00fcchern von und aus der Stadt versorgt.<\/p>\n\n\n\n<p>Aber schon lange zieht BeBra seine verlegerischen Bahnen nicht nur durch Berlin und Brandenburg: Das erz\u00e4hlende Sachbuch befasst sich dazu auch mit \u00fcberregionalen Themen, die weit \u00fcber die Grenzen Berlins hinaus f\u00fcr Aufmerksamkeit sorgen und gro\u00dfe Strahlkraft haben.<\/p>\n\n\n\n<p>Genannt seien hier das vor einem halben Jahr erschienene Buch \u00bbTraum Zeit Reise \u2013 eine Geschichte des Tourismus\u00ab von Hasso Spode, oder der in diesem Herbst erschienene Titel \u00bbGewalt \u2013 Eine Kulturgeschichte des Krieges\u00ab von Alexander Quereng\u00e4sser.&nbsp;Immer wieder sind im Verlagsprogramm Entdeckungen zu machen, ob wir beispielsweise mit Mark Twain durch Europa reisen im Jahre 1891\/1892 und erfahren, was er in Berlin alles erlebte und dem so aktuellen Titel \u00bbWie man in Berlin eine Wohnung mietet\u00ab, mutige Frauen kennenlernen, die sich gegen Hitler organisierten, oder, ganz praktisch: Berlin mit dem 100er Buch entdecken, oder die Region entlang der Havel kennenlernen und entdecken k\u00f6nnen.<\/p>\n\n\n\n<p>Es ist schier beeindruckend, wie Dirk Palm und sein feines Team es geschafft haben, den BeBra Verlag nicht nur zu einer festen Gr\u00f6\u00dfe f\u00fcr Berliner selbst zu entwickeln, sondern gleichzeitig auch die Bed\u00fcrfnisse von Berlin- und Brandenburg-interessierten Touristen zu treffen, und sich dazu noch deutschlandweit einen Namen als Sachbuchverlag besonderer G\u00fcte zu machen.<\/p>\n\n\n\n<p>Und dennoch und immer wieder: Der Fokus auf Themen aus und \u00fcber Berlin ist mannigfaltig, \u00fcberzeugend und mitrei\u00dfend \u2013 so da\u00df sich die Jury mehr als einig war: 2025 erh\u00e4lt der BeBra Verlag den Berliner Verlagspreis!<\/p>\n","protected":false},"excerpt":{"rendered":"<p>\u2190 zur\u00fcck zur Startseite Laudatio auf den BeBra Verlag Von Shelly Kupferberg, Mitglied der Jury des Berliner Verlagspreises 2025 Nach dem Jubil\u00e4um (im vergangenen Jahr) ist vor dem Berliner Verlagspreis! Wir freuen uns, dem BeBra Verlag nicht nur zum 30j\u00e4hrigen Geburtstag nachtr\u00e4glich zu gratulieren, sondern ihm hier und heute auch den wohlverdienten Berliner Verlagspreis 2025 [&hellip;]<\/p>\n","protected":false},"author":1,"featured_media":0,"parent":0,"menu_order":0,"comment_status":"closed","ping_status":"closed","template":"","meta":{"_monsterinsights_skip_tracking":false,"_monsterinsights_sitenote_active":false,"_monsterinsights_sitenote_note":"","_monsterinsights_sitenote_category":0,"footnotes":""},"class_list":["post-2511","page","type-page","status-publish","hentry"],"blocksy_meta":{"styles_descriptor":{"styles":{"desktop":"","tablet":"","mobile":""},"google_fonts":[]}},"aioseo_notices":[],"_links":{"self":[{"href":"https:\/\/berlinerverlagspreis.de\/index.php?rest_route=\/wp\/v2\/pages\/2511","targetHints":{"allow":["GET"]}}],"collection":[{"href":"https:\/\/berlinerverlagspreis.de\/index.php?rest_route=\/wp\/v2\/pages"}],"about":[{"href":"https:\/\/berlinerverlagspreis.de\/index.php?rest_route=\/wp\/v2\/types\/page"}],"author":[{"embeddable":true,"href":"https:\/\/berlinerverlagspreis.de\/index.php?rest_route=\/wp\/v2\/users\/1"}],"replies":[{"embeddable":true,"href":"https:\/\/berlinerverlagspreis.de\/index.php?rest_route=%2Fwp%2Fv2%2Fcomments&post=2511"}],"version-history":[{"count":2,"href":"https:\/\/berlinerverlagspreis.de\/index.php?rest_route=\/wp\/v2\/pages\/2511\/revisions"}],"predecessor-version":[{"id":2514,"href":"https:\/\/berlinerverlagspreis.de\/index.php?rest_route=\/wp\/v2\/pages\/2511\/revisions\/2514"}],"wp:attachment":[{"href":"https:\/\/berlinerverlagspreis.de\/index.php?rest_route=%2Fwp%2Fv2%2Fmedia&parent=2511"}],"curies":[{"name":"wp","href":"https:\/\/api.w.org\/{rel}","templated":true}]}}

<p><a href="http://www.berlinerverlagspreis.de#die-preistraeger">← zurück zur Startseite</a></p>



<h2 class="wp-block-heading">Laudatio auf den BeBra Verlag</h2>



<p style="font-style:normal;font-weight:400"><em>Von Shelly Kupferberg, Mitglied der Jury des Berliner Verlagspreises 2025</em></p>



<p>Nach dem Jubiläum (im vergangenen Jahr) ist vor dem Berliner Verlagspreis! Wir freuen uns, dem BeBra Verlag nicht nur zum 30jährigen Geburtstag nachträglich zu gratulieren, sondern ihm hier und heute auch den wohlverdienten Berliner Verlagspreis 2025 verleihen zu dürfen!<br>&nbsp;<br>Gegründet wurde der BeBra Verlag 1994 von Ulrich Hopp. Wie der Verlagsname unschwer erkennen lässt (BeBra = Berlin Brandenburg) liegt der publizistische Schwerpunkt auf Büchern zu Geschichte und Zeitgeschichte der Region Berlin Brandenburg. 2001 gründete BeBra den Verlag berlin.krimi.verlag, 2003 folgte die Gründung des BeBra-Wissenschaftsverlags, ein Jahr später wurde das Portfolio durch den Erwerb der Edition Q, der Berlin Edition und der Japan Edition vergrößert. 2021 dann wurde der BeBra Verlag von Dirk Palm übernommen, der BeBra und seinen Elsengold Verlag zusammenführte. Seit 2023 besteht der Verlag in seiner jetzigen Form, mit BeBra Verlag als Hauptverlag und BeBra Wissenschaftsverlag und Elsengold als angegliederte Imprints.<br>&nbsp;<br>Der »Hauptstadt-Verlag«, wie sich BeBra vollkommen zu Recht selbst nennt, ist für den Berliner Verlagspreis natürlich kein unbekannter Name – 2021 schon stand er auf der Shortlist, und jetzt, vier Jahre später, folgt endlich und tatsächlich die Auszeichnung mit dem Berliner Verlagspreis 2025. Auch den Deutschen Verlagspreis hat BeBra schon gewonnen, aber das ist natürlich nichts gegen den Berliner Verlagspreis!<br>&nbsp;<br>Die Jury war sich schnell einig, dass BeBra mit einem Preis ausgezeichnet werden muss, denn was dieser Verlag mit seinen Imprints verlegerisch für die Hauptstadtregion bietet, sucht seinesgleichen!</p>



<p>Von Bildbänden und Kalendern bis zu Krimis und erzählenden Sachbüchern, von Kochbüchern und Reiseführern bis hin zu wissenschaftlichen Titeln wird Berlin Programm für Programm und Jahr für Jahr von BeBra mit einer unglaublichen Fülle an Büchern von und aus der Stadt versorgt.</p>



<p>Aber schon lange zieht BeBra seine verlegerischen Bahnen nicht nur durch Berlin und Brandenburg: Das erzählende Sachbuch befasst sich dazu auch mit überregionalen Themen, die weit über die Grenzen Berlins hinaus für Aufmerksamkeit sorgen und große Strahlkraft haben.</p>



<p>Genannt seien hier das vor einem halben Jahr erschienene Buch »Traum Zeit Reise – eine Geschichte des Tourismus« von Hasso Spode, oder der in diesem Herbst erschienene Titel »Gewalt – Eine Kulturgeschichte des Krieges« von Alexander Querengässer.&nbsp;Immer wieder sind im Verlagsprogramm Entdeckungen zu machen, ob wir beispielsweise mit Mark Twain durch Europa reisen im Jahre 1891/1892 und erfahren, was er in Berlin alles erlebte und dem so aktuellen Titel »Wie man in Berlin eine Wohnung mietet«, mutige Frauen kennenlernen, die sich gegen Hitler organisierten, oder, ganz praktisch: Berlin mit dem 100er Buch entdecken, oder die Region entlang der Havel kennenlernen und entdecken können.</p>



<p>Es ist schier beeindruckend, wie Dirk Palm und sein feines Team es geschafft haben, den BeBra Verlag nicht nur zu einer festen Größe für Berliner selbst zu entwickeln, sondern gleichzeitig auch die Bedürfnisse von Berlin- und Brandenburg-interessierten Touristen zu treffen, und sich dazu noch deutschlandweit einen Namen als Sachbuchverlag besonderer Güte zu machen.</p>



<p>Und dennoch und immer wieder: Der Fokus auf Themen aus und über Berlin ist mannigfaltig, überzeugend und mitreißend – so daß sich die Jury mehr als einig war: 2025 erhält der BeBra Verlag den Berliner Verlagspreis!</p>

<p>← zurück zur Startseite Laudatio auf den BeBra Verlag Von Shelly Kupferberg, Mitglied der Jury des Berliner Verlagspreises 2025 Nach dem Jubiläum (im vergangenen Jahr) ist vor dem Berliner Verlagspreis! Wir freuen uns, dem BeBra Verlag nicht nur zum 30jährigen Geburtstag nachträglich zu gratulieren, sondern ihm hier und heute auch den wohlverdienten Berliner Verlagspreis 2025 [&hellip;]</p>
